{"id":2,"date":"2024-07-23T17:47:33","date_gmt":"2024-07-23T17:47:33","guid":{"rendered":"https:\/\/torresolfurniture.com\/?page_id=2"},"modified":"2024-08-28T17:20:27","modified_gmt":"2024-08-28T15:20:27","slug":"cookies","status":"publish","type":"page","link":"https:\/\/torresolfurniture.com\/index.php\/cookies\/","title":{"rendered":"POL\u00cdTICA COOKIES"},"content":{"rendered":"\n<p><\/p>\n\n\n\n<h3 class=\"wp-block-heading\">CONDICIONES GENERALES DE USO DE COOKIES DEL SITIO WEB TORRESOL FURNITURE S.L.<\/h3>\n\n\n\n<h4 class=\"wp-block-heading\">1.- ANTECEDENTES<\/h4>\n\n\n\n<p>De conformidad con la normativa espa\u00f1ola que regula el uso de cookies en relaci\u00f3n a la prestaci\u00f3n de servicios de comunicaciones electr\u00f3nicas, recogida en el Real Decreto Ley 13\/2012 del 30 de marzo, le informamos sobre las cookies utilizadas en el sitio web de\u00a0TORRESOL FURNITURE S.L.\u00a0y el motivo de su uso. Asimismo, le informa de que al navegar en el Sitio Web usted est\u00e1 prestando su consentimiento para poder utilizarlas.<\/p>\n\n\n\n<h4 class=\"wp-block-heading\">2.- \u00bfQUE SON LAS COOKIES?<\/h4>\n\n\n\n<p>Una Cookie no es un virus ni un spam ni un troyano. Una cookie es un fichero de texto inofensivo que se descarga en su ordenador al acceder a determinadas p\u00e1ginas web. Las cookies permiten a una p\u00e1gina web, entre otras cosas, almacenar y recuperar informaci\u00f3n sobre los h\u00e1bitos de navegaci\u00f3n de un usuario o de su equipo y, dependiendo de la informaci\u00f3n que contengan y de la forma en que utilice su equipo, pueden utilizarse para reconocer al usuario. Las cookies se asocian \u00fanicamente a un usuario an\u00f3nimo y su ordenador o dispositivo y no proporcionan referencias que permitan conocer sus datos personales.<\/p>\n\n\n\n<h4 class=\"wp-block-heading\">3.- TIPOS DE COOKIES<\/h4>\n\n\n\n<ul class=\"wp-block-list\">\n<li>1.-&nbsp;<strong>Cookies propias<\/strong>: Son aqu\u00e9llas que se env\u00edan al equipo terminal del usuario desde un equipo o dominio gestionado por el propio editor y desde el que se presta el servicio Solicitado por el usuario.<\/li>\n\n\n\n<li>2.-&nbsp;<strong>Cookies de terceros<\/strong>: Son aqu\u00e9llas que se env\u00edan al equipo terminal del usuario desde un equipo o dominio que no es gestionado por el editor, sino por otra entidad que trata los datos obtenidos trav\u00e9s de las cookies.<\/li>\n\n\n\n<li>3.-&nbsp;<strong>Cookies de sesi\u00f3n:<\/strong>&nbsp;Son un tipo de cookies dise\u00f1adas para recabar y almacenar datos mientras el usuario accede a una p\u00e1gina web.<\/li>\n\n\n\n<li>4.-&nbsp;<strong>Cookies persistentes<\/strong>: Son un tipo de cookies en el que los datos siguen almacenados en el terminal y pueden ser accedidos y tratados durante un periodo definido por el responsable de la cookie, y que puede ir de unos minutos a varios a\u00f1os.<\/li>\n\n\n\n<li>5.-&nbsp;<strong>Cookies de an\u00e1lisis<\/strong>: Son aqu\u00e9llas que bien tratadas por nosotros o por terceros, nos permiten cuantificar el n\u00famero de usuarios y as\u00ed realizar la medici\u00f3n y an\u00e1lisis estad\u00edstico de la utilizaci\u00f3n que hacen los usuarios del servicio ofertado. Para ello se analiza su navegaci\u00f3n en nuestra p\u00e1gina web con el fin de mejorar la oferta de productos o servicios que le ofrecemos.<\/li>\n\n\n\n<li>6.-&nbsp;<strong>Cookies publicitarias<\/strong>: Son aqu\u00e9llas que permiten la gesti\u00f3n, de la forma m\u00e1s eficaz posible, de los espacios publicitarios que, en su caso, el editor haya incluido en una p\u00e1gina web, aplicaci\u00f3n o plataforma desde la que presta el servicio solicitado en base a criterios como el contenido editado o la frecuencia en la que se muestran los anuncios.<\/li>\n\n\n\n<li>7.-&nbsp;<strong>Cookies de publicidad comportamental<\/strong>: Son aqu\u00e9llas que permiten la gesti\u00f3n, de la forma m\u00e1s eficaz posible, de los espacios publicitarios que, en su caso, el editor haya incluido en una p\u00e1gina web, aplicaci\u00f3n o plataforma desde la que presta el servicio solicitado. Estas cookies almacenan informaci\u00f3n del comportamiento de los usuarios obtenida a trav\u00e9s de la observaci\u00f3n continuada de sus h\u00e1bitos de navegaci\u00f3n, lo que permite desarrollar un perfil espec\u00edfico para mostrar publicidad en funci\u00f3n del mismo. Asimismo, es posible que al visitar alguna p\u00e1gina web o al abrir alg\u00fan email donde se publique alg\u00fan anuncio o alguna promoci\u00f3n sobre nuestros productos o servicios se instale en tu navegador alguna cookie que nos sirve para mostrarte posteriormente publicidad relacionada con la b\u00fasqueda que hayas realizado, desarrollar un control de nuestros anuncios en relaci\u00f3n, por ejemplo, con el n\u00famero de veces que son vistos, donde aparecen, a qu\u00e9 hora se ven, etc.<\/li>\n<\/ul>\n\n\n\n<p>Esta p\u00e1gina web usa cookies. Las cookies de este sitio web se usan para personalizar el contenido y los anuncios, ofrecer funciones de redes sociales y analizar el tr\u00e1fico. Adem\u00e1s, compartimos informaci\u00f3n sobre el uso que haga del sitio web con nuestros partners de redes sociales, publicidad y an\u00e1lisis web, quienes pueden combinarla con otra informaci\u00f3n que les haya proporcionado o que hayan recopilado a partir del uso que haya hecho de sus servicios.<\/p>\n\n\n\n<p>Las cookies son peque\u00f1os archivos de texto que las p\u00e1ginas web pueden utilizar para hacer m\u00e1s eficiente la experiencia del usuario.<br><br>La ley afirma que podemos almacenar cookies en su dispositivo si son estrictamente necesarias para el funcionamiento de esta p\u00e1gina. Para todos los dem\u00e1s tipos de cookies necesitamos su permiso.<br><br>Esta p\u00e1gina utiliza tipos diferentes de cookies. Algunas cookies son colocadas por servicios de terceros que aparecen en nuestras p\u00e1ginas.<br><br>En cualquier momento puede cambiar o retirar su consentimiento desde la Declaraci\u00f3n de cookies en nuestro sitio web.<br><br>Obtenga m\u00e1s informaci\u00f3n sobre qui\u00e9nes somos, c\u00f3mo puede contactarnos y c\u00f3mo procesamos los datos personales en nuestra Pol\u00edtica de privacidad.<br><br>Al contactarnos respecto a su consentimiento, por favor, indique el ID y la fecha de su consentimiento.<\/p>\n\n\n\n<p>Su consentimiento se aplica a los siguientes dominios: torresolpiel.com<\/p>\n\n\n\n<p>Tu estado actual: Permitir todas.&nbsp;<\/p>\n\n\n\n<p id=\"CookieDeclarationConsentIdAndDate\">ID de tu consentimiento:&nbsp;c2oOxDvvuJato4dwbP59Rex25GJ515N+PNp1LmzV9LEMh0GzUVNsbw==Fecha del consentimiento:&nbsp;domingo, 16 de junio de 2024, 10:40:22 CEST<\/p>\n\n\n\n<p><a href=\"https:\/\/torresolpiel.com\/politica-de-cookies\/#\">Cambiar tu consentimiento<\/a>&nbsp;&nbsp;|&nbsp;&nbsp;<a href=\"https:\/\/torresolpiel.com\/politica-de-cookies\/#\">Retirar tu consentimiento<\/a><\/p>\n\n\n\n<p>Declaraci\u00f3n de cookies actualizada por \u00faltima vez el 8\/8\/24 por&nbsp;<a href=\"https:\/\/www.cookiebot.com\/\" target=\"_blank\" rel=\"noreferrer noopener\">Cookiebot<\/a>:<\/p>\n\n\n\n<p>Necesarias (13)<\/p>\n\n\n\n<p>Las cookies necesarias ayudan a hacer una p\u00e1gina web utilizable activando funciones b\u00e1sicas como la navegaci\u00f3n en la p\u00e1gina y el acceso a \u00e1reas seguras de la p\u00e1gina web. La p\u00e1gina web no puede funcionar adecuadamente sin estas cookies.<\/p>\n\n\n\n<figure class=\"wp-block-table\"><table class=\"has-fixed-layout\"><thead><tr><th>Nombre<\/th><th>Proveedor<\/th><th>Prop\u00f3sito<\/th><th>Caducidad<\/th><th>Tipo<\/th><\/tr><\/thead><tbody><tr><td>_grecaptcha<\/td><td><a target=\"_blank\" rel=\"noreferrer noopener\" href=\"https:\/\/business.safety.google\/privacy\/\">Google<\/a><\/td><td>Esta cookie se utiliza para distinguir entre humanos y bots. Esto es beneficioso para la web con el objeto de elaborar informes v\u00e1lidos sobre el uso de su web.<\/td><td>Persistente<\/td><td>Almacenamiento Local HTML<\/td><\/tr><tr><td>_GRECAPTCHA<\/td><td><a target=\"_blank\" rel=\"noreferrer noopener\" href=\"https:\/\/business.safety.google\/privacy\/\">Google<\/a><\/td><td>Esta cookie se utiliza para distinguir entre humanos y bots. Esto es beneficioso para la web con el objeto de elaborar informes v\u00e1lidos sobre el uso de su web.<\/td><td>180 d\u00edas<\/td><td>Cookie HTTP<\/td><\/tr><tr><td>1.gif<\/td><td><a target=\"_blank\" rel=\"noreferrer noopener\" href=\"https:\/\/www.cookiebot.com\/goto\/privacy-policy\/\">Cookiebot<\/a><\/td><td>Se utiliza para contar el n\u00famero de sesiones del sitio web, necesario para optimizar la entrega de productos CMP.<\/td><td>Sesi\u00f3n<\/td><td>P\u00edxel de Seguimiento<\/td><\/tr><tr><td>CookieConsent<\/td><td><a target=\"_blank\" rel=\"noreferrer noopener\" href=\"https:\/\/www.cookiebot.com\/goto\/privacy-policy\/\">Cookiebot<\/a><\/td><td>Almacena el estado de consentimiento de cookies del usuario para el dominio actual<\/td><td>1 a\u00f1o<\/td><td>Cookie HTTP<\/td><\/tr><tr><td>laravel_session<\/td><td>simnet.gruposim.eu<\/td><td>Esta cookie es utilizada internamente por los propietarios del sitio web, al cargar o renovar el contenido del sitio web.<\/td><td>1 d\u00eda<\/td><td>Cookie HTTP<\/td><\/tr><tr><td>rc::a<\/td><td><a target=\"_blank\" rel=\"noreferrer noopener\" href=\"https:\/\/business.safety.google\/privacy\/\">Google<\/a><\/td><td>Esta cookie se utiliza para distinguir entre humanos y bots. Esto es beneficioso para la web con el objeto de elaborar informes v\u00e1lidos sobre el uso de su web.<\/td><td>Persistente<\/td><td>Almacenamiento Local HTML<\/td><\/tr><tr><td>rc::b<\/td><td><a target=\"_blank\" rel=\"noreferrer noopener\" href=\"https:\/\/business.safety.google\/privacy\/\">Google<\/a><\/td><td>Esta cookie se utiliza para distinguir entre humanos y bots.<\/td><td>Sesi\u00f3n<\/td><td>Almacenamiento Local HTML<\/td><\/tr><tr><td>rc::c<\/td><td><a target=\"_blank\" rel=\"noreferrer noopener\" href=\"https:\/\/business.safety.google\/privacy\/\">Google<\/a><\/td><td>Esta cookie se utiliza para distinguir entre humanos y bots.<\/td><td>Sesi\u00f3n<\/td><td>Almacenamiento Local HTML<\/td><\/tr><tr><td>rc::d-15#<\/td><td><a target=\"_blank\" rel=\"noreferrer noopener\" href=\"https:\/\/business.safety.google\/privacy\/\">Google<\/a><\/td><td>Esta cookie se utiliza para distinguir entre humanos y bots.<\/td><td>Persistente<\/td><td>Almacenamiento Local HTML<\/td><\/tr><tr><td>rc::f<\/td><td><a target=\"_blank\" rel=\"noreferrer noopener\" href=\"https:\/\/business.safety.google\/privacy\/\">Google<\/a><\/td><td>Esta cookie se utiliza para distinguir entre humanos y bots.<\/td><td>Persistente<\/td><td>Almacenamiento Local HTML<\/td><\/tr><tr><td>test_cookie<\/td><td><a target=\"_blank\" rel=\"noreferrer noopener\" href=\"https:\/\/business.safety.google\/privacy\/\">Google<\/a><\/td><td>Utilizada para comprobar si el navegador del usuario admite cookies.<\/td><td>1 d\u00eda<\/td><td>Cookie HTTP<\/td><\/tr><tr><td>wordpress_test_cookie<\/td><td>torresolpiel.com<\/td><td>Utilizada para comprobar si el navegador del usuario admite cookies.<\/td><td>Sesi\u00f3n<\/td><td>Cookie HTTP<\/td><\/tr><tr><td>XSRF-TOKEN<\/td><td>simnet.gruposim.eu<\/td><td>Asegura la navegaci\u00f3n segura del visitante previniendo la falsificaci\u00f3n de petici\u00f3n en sitios cruzados (CSRF). Esta cookie es esencial para la seguridad de la web y del visitante.<\/td><td>1 d\u00eda<\/td><td>Cookie HTTP<\/td><\/tr><\/tbody><\/table><\/figure>\n\n\n\n<p>Marketing (32)<\/p>\n\n\n\n<p>Las cookies de marketing se utilizan para rastrear a los visitantes en las p\u00e1ginas web. La intenci\u00f3n es mostrar anuncios relevantes y atractivos para el usuario individual, y por lo tanto, m\u00e1s valiosos para los editores y terceros anunciantes.<\/p>\n\n\n\n<figure class=\"wp-block-table\"><table class=\"has-fixed-layout\"><thead><tr><th>Nombre<\/th><th>Proveedor<\/th><th>Prop\u00f3sito<\/th><th>Caducidad<\/th><th>Tipo<\/th><\/tr><\/thead><tbody><tr><td>#-#<\/td><td><a target=\"_blank\" rel=\"noreferrer noopener\" href=\"https:\/\/business.safety.google\/privacy\/\">YouTube<\/a><\/td><td>Se usa para rastrear la interacci\u00f3n del usuario con el contenido integrado.<\/td><td>Sesi\u00f3n<\/td><td>Almacenamiento Local HTML<\/td><\/tr><tr><td>_ga [x3]<\/td><td><a target=\"_blank\" rel=\"noreferrer noopener\" href=\"https:\/\/business.safety.google\/privacy\/\">Google<\/a><\/td><td>Se utiliza para enviar datos a Google Analytics sobre el dispositivo del visitante y su comportamiento. Rastrea al visitante a trav\u00e9s de dispositivos y canales de marketing.<\/td><td>2 a\u00f1os<\/td><td>Cookie HTTP<\/td><\/tr><tr><td>_ga_# [x3]<\/td><td><a target=\"_blank\" rel=\"noreferrer noopener\" href=\"https:\/\/business.safety.google\/privacy\/\">Google<\/a><\/td><td>Se utiliza para enviar datos a Google Analytics sobre el dispositivo del visitante y su comportamiento. Rastrea al visitante a trav\u00e9s de dispositivos y canales de marketing.<\/td><td>2 a\u00f1os<\/td><td>Cookie HTTP<\/td><\/tr><tr><td>_gcl_au<\/td><td><a target=\"_blank\" rel=\"noreferrer noopener\" href=\"https:\/\/business.safety.google\/privacy\/\">Google<\/a><\/td><td>Utilizada por Google AdSense para experimentar con la eficiencia publicitaria a trav\u00e9s de las webs usando sus servicios.<\/td><td>3 meses<\/td><td>Cookie HTTP<\/td><\/tr><tr><td>Google Fonts<\/td><td>google<\/td><td>Esta cookie, carga el tipo de letra \/ fuente que usa el dise\u00f1o de la p\u00e1gina web, desde Google Fonts.<\/td><td>Persistente<\/td><td>P\u00edxel de Seguimiento<\/td><\/tr><tr><td>IDE<\/td><td><a target=\"_blank\" rel=\"noreferrer noopener\" href=\"https:\/\/business.safety.google\/privacy\/\">Google<\/a><\/td><td>Pendiente<\/td><td>400 d\u00edas<\/td><td>Cookie HTTP<\/td><\/tr><tr><td>iU5q-!O9@$<\/td><td><a target=\"_blank\" rel=\"noreferrer noopener\" href=\"https:\/\/business.safety.google\/privacy\/\">YouTube<\/a><\/td><td>Registra una identificaci\u00f3n \u00fanica para mantener estad\u00edsticas de qu\u00e9 v\u00eddeos de YouTube ha visto el usuario.<\/td><td>Sesi\u00f3n<\/td><td>Almacenamiento Local HTML<\/td><\/tr><tr><td>LAST_RESULT_ENTRY_KEY<\/td><td><a target=\"_blank\" rel=\"noreferrer noopener\" href=\"https:\/\/business.safety.google\/privacy\/\">YouTube<\/a><\/td><td>Se usa para rastrear la interacci\u00f3n del usuario con el contenido integrado.<\/td><td>Sesi\u00f3n<\/td><td>Cookie HTTP<\/td><\/tr><tr><td>LogsDatabaseV2:V#||LogsRequestsStore<\/td><td><a target=\"_blank\" rel=\"noreferrer noopener\" href=\"https:\/\/business.safety.google\/privacy\/\">YouTube<\/a><\/td><td>Se usa para rastrear la interacci\u00f3n del usuario con el contenido integrado.<\/td><td>Persistente<\/td><td>IndexedDB<\/td><\/tr><tr><td>nextId<\/td><td><a target=\"_blank\" rel=\"noreferrer noopener\" href=\"https:\/\/business.safety.google\/privacy\/\">YouTube<\/a><\/td><td>Se usa para rastrear la interacci\u00f3n del usuario con el contenido integrado.<\/td><td>Sesi\u00f3n<\/td><td>Cookie HTTP<\/td><\/tr><tr><td>NID<\/td><td><a target=\"_blank\" rel=\"noreferrer noopener\" href=\"https:\/\/business.safety.google\/privacy\/\">Google<\/a><\/td><td>Pendiente<\/td><td>6 meses<\/td><td>Cookie HTTP<\/td><\/tr><tr><td>pagead\/1p-user-list\/#<\/td><td><a target=\"_blank\" rel=\"noreferrer noopener\" href=\"https:\/\/business.safety.google\/privacy\/\">Google<\/a><\/td><td>Pendiente<\/td><td>Sesi\u00f3n<\/td><td>P\u00edxel de Seguimiento<\/td><\/tr><tr><td>pagead\/landing [x2]<\/td><td><a target=\"_blank\" rel=\"noreferrer noopener\" href=\"https:\/\/business.safety.google\/privacy\/\">Google<\/a><\/td><td>Recoge informaci\u00f3n del comportamiento del usuario en diferentes webs para mostrar publicidad m\u00e1s relevante &#8211; Tambi\u00e9n le permite a la web limitar el n\u00famero de veces que el usuario est\u00e1 expuesto a un mismo anuncio.<\/td><td>Sesi\u00f3n<\/td><td>P\u00edxel de Seguimiento<\/td><\/tr><tr><td>remote_sid<\/td><td><a target=\"_blank\" rel=\"noreferrer noopener\" href=\"https:\/\/business.safety.google\/privacy\/\">YouTube<\/a><\/td><td>Necesaria para la implementaci\u00f3n y funcionabilidad del contenido de video de YouTube en la web.<\/td><td>Sesi\u00f3n<\/td><td>Cookie HTTP<\/td><\/tr><tr><td>requests<\/td><td><a target=\"_blank\" rel=\"noreferrer noopener\" href=\"https:\/\/business.safety.google\/privacy\/\">YouTube<\/a><\/td><td>Se usa para rastrear la interacci\u00f3n del usuario con el contenido integrado.<\/td><td>Sesi\u00f3n<\/td><td>Cookie HTTP<\/td><\/tr><tr><td>ServiceWorkerLogsDatabase#SWHealthLog<\/td><td><a target=\"_blank\" rel=\"noreferrer noopener\" href=\"https:\/\/business.safety.google\/privacy\/\">YouTube<\/a><\/td><td>Necesaria para la implementaci\u00f3n y funcionabilidad del contenido de video de YouTube en la web.<\/td><td>Persistente<\/td><td>IndexedDB<\/td><\/tr><tr><td>TESTCOOKIESENABLED<\/td><td><a target=\"_blank\" rel=\"noreferrer noopener\" href=\"https:\/\/business.safety.google\/privacy\/\">YouTube<\/a><\/td><td>Se usa para rastrear la interacci\u00f3n del usuario con el contenido integrado.<\/td><td>1 d\u00eda<\/td><td>Cookie HTTP<\/td><\/tr><tr><td>VISITOR_INFO1_LIVE<\/td><td><a target=\"_blank\" rel=\"noreferrer noopener\" href=\"https:\/\/business.safety.google\/privacy\/\">YouTube<\/a><\/td><td>Intenta calcular el ancho de banda del usuario en p\u00e1ginas con v\u00eddeos de YouTube integrados.<\/td><td>180 d\u00edas<\/td><td>Cookie HTTP<\/td><\/tr><tr><td>YSC<\/td><td><a target=\"_blank\" rel=\"noreferrer noopener\" href=\"https:\/\/business.safety.google\/privacy\/\">YouTube<\/a><\/td><td>Registra una identificaci\u00f3n \u00fanica para mantener estad\u00edsticas de qu\u00e9 v\u00eddeos de YouTube ha visto el usuario.<\/td><td>Sesi\u00f3n<\/td><td>Cookie HTTP<\/td><\/tr><tr><td>YtIdbMeta#databases<\/td><td><a target=\"_blank\" rel=\"noreferrer noopener\" href=\"https:\/\/business.safety.google\/privacy\/\">YouTube<\/a><\/td><td>Se usa para rastrear la interacci\u00f3n del usuario con el contenido integrado.<\/td><td>Persistente<\/td><td>IndexedDB<\/td><\/tr><tr><td>yt-remote-cast-available<\/td><td><a target=\"_blank\" rel=\"noreferrer noopener\" href=\"https:\/\/business.safety.google\/privacy\/\">YouTube<\/a><\/td><td>Registra las preferencias del reproductor de v\u00eddeo del usuario al ver v\u00eddeos incrustados de YouTube<\/td><td>Sesi\u00f3n<\/td><td>Almacenamiento Local HTML<\/td><\/tr><tr><td>yt-remote-cast-installed<\/td><td><a target=\"_blank\" rel=\"noreferrer noopener\" href=\"https:\/\/business.safety.google\/privacy\/\">YouTube<\/a><\/td><td>Registra las preferencias del reproductor de v\u00eddeo del usuario al ver v\u00eddeos incrustados de YouTube<\/td><td>Sesi\u00f3n<\/td><td>Almacenamiento Local HTML<\/td><\/tr><tr><td>yt-remote-connected-devices<\/td><td><a target=\"_blank\" rel=\"noreferrer noopener\" href=\"https:\/\/business.safety.google\/privacy\/\">YouTube<\/a><\/td><td>Registra las preferencias del reproductor de v\u00eddeo del usuario al ver v\u00eddeos incrustados de YouTube<\/td><td>Persistente<\/td><td>Almacenamiento Local HTML<\/td><\/tr><tr><td>yt-remote-device-id<\/td><td><a target=\"_blank\" rel=\"noreferrer noopener\" href=\"https:\/\/business.safety.google\/privacy\/\">YouTube<\/a><\/td><td>Registra las preferencias del reproductor de v\u00eddeo del usuario al ver v\u00eddeos incrustados de YouTube<\/td><td>Persistente<\/td><td>Almacenamiento Local HTML<\/td><\/tr><tr><td>yt-remote-fast-check-period<\/td><td><a target=\"_blank\" rel=\"noreferrer noopener\" href=\"https:\/\/business.safety.google\/privacy\/\">YouTube<\/a><\/td><td>Registra las preferencias del reproductor de v\u00eddeo del usuario al ver v\u00eddeos incrustados de YouTube<\/td><td>Sesi\u00f3n<\/td><td>Almacenamiento Local HTML<\/td><\/tr><tr><td>yt-remote-session-app<\/td><td><a target=\"_blank\" rel=\"noreferrer noopener\" href=\"https:\/\/business.safety.google\/privacy\/\">YouTube<\/a><\/td><td>Registra las preferencias del reproductor de v\u00eddeo del usuario al ver v\u00eddeos incrustados de YouTube<\/td><td>Sesi\u00f3n<\/td><td>Almacenamiento Local HTML<\/td><\/tr><tr><td>yt-remote-session-name<\/td><td><a target=\"_blank\" rel=\"noreferrer noopener\" href=\"https:\/\/business.safety.google\/privacy\/\">YouTube<\/a><\/td><td>Registra las preferencias del reproductor de v\u00eddeo del usuario al ver v\u00eddeos incrustados de YouTube<\/td><td>Sesi\u00f3n<\/td><td>Almacenamiento Local HTML<\/td><\/tr><\/tbody><\/table><\/figure>\n\n\n\n<p><\/p>\n\n\n\n<blockquote class=\"wp-block-quote is-layout-flow wp-block-quote-is-layout-flow\">\n<p><\/p>\n<\/blockquote>\n\n\n\n<p><\/p>\n","protected":false},"excerpt":{"rendered":"<p>CONDICIONES GENERALES DE USO DE COOKIES DEL SITIO WEB TORRESOL FURNITURE S.L. 1.- ANTECEDENTES De conformidad con la normativa espa\u00f1ola que regula el uso de cookies en relaci\u00f3n a la prestaci\u00f3n de servicios de comunicaciones electr\u00f3nicas, recogida en el Real Decreto Ley 13\/2012 del 30 de marzo, le informamos sobre las cookies utilizadas en el [&hellip;]<\/p>\n","protected":false},"author":1,"featured_media":0,"parent":0,"menu_order":0,"comment_status":"closed","ping_status":"closed","template":"","meta":{"footnotes":""},"class_list":["post-2","page","type-page","status-publish","hentry"],"_links":{"self":[{"href":"https:\/\/torresolfurniture.com\/index.php\/wp-json\/wp\/v2\/pages\/2","targetHints":{"allow":["GET"]}}],"collection":[{"href":"https:\/\/torresolfurniture.com\/index.php\/wp-json\/wp\/v2\/pages"}],"about":[{"href":"https:\/\/torresolfurniture.com\/index.php\/wp-json\/wp\/v2\/types\/page"}],"author":[{"embeddable":true,"href":"https:\/\/torresolfurniture.com\/index.php\/wp-json\/wp\/v2\/users\/1"}],"replies":[{"embeddable":true,"href":"https:\/\/torresolfurniture.com\/index.php\/wp-json\/wp\/v2\/comments?post=2"}],"version-history":[{"count":4,"href":"https:\/\/torresolfurniture.com\/index.php\/wp-json\/wp\/v2\/pages\/2\/revisions"}],"predecessor-version":[{"id":62,"href":"https:\/\/torresolfurniture.com\/index.php\/wp-json\/wp\/v2\/pages\/2\/revisions\/62"}],"wp:attachment":[{"href":"https:\/\/torresolfurniture.com\/index.php\/wp-json\/wp\/v2\/media?parent=2"}],"curies":[{"name":"wp","href":"https:\/\/api.w.org\/{rel}","templated":true}]}}